73725 is divided by 2686?
1203
What is the remainder when 286043 is divided by 17860?
283
Calculate the remainder when 32599 is divided by 7125.
4099
What is the remainder when 1588073 is divided by 477?
140
Calculate the remainder when 196308 is divided by 542.
104
Calculate the remainder when 156932 is divided by 5062.
10
Calculate the remainder when 20634191 is divided by 816.
815
What is the remainder when 1791816 is divided by 1797?
207
What is the remainder when 2761274 is divided by 870?
764
Calculate the remainder when 9532994 is divided by 53.
43
Calculate the remainder when 1990780 is divided by 13183.
147
Calculate the remainder when 34350441 is divided by 406.
405
What is the remainder when 108507 is divided by 162?
129
Calculate the remainder when 1502096 is divided by 155.
146
Calculate the remainder when 1595 is divided by 766.
63
What is the remainder when 106641 is divided by 516?
345
What is the remainder when 3791601 is divided by 513?
18
Calculate the remainder when 21916737 is divided by 21.
3
What is the remainder when 216245 is divided by 1787?
18
Calculate the remainder when 202409238 is divided by 74.
72
Calculate the remainder when 16045152 is divided by 62.
48
What is the remainder when 18823 is divided by 9019?
785
What is the remainder when 386195891 is divided by 24?
11
Calculate the remainder when 208235 is divided by 28.
27
Calculate the remainder when 157442396 is divided by 4995.
4991
Calculate the remainder when 879434 is divided by 22548.
62
Calculate the remainder when 13254274 is divided by 1846.
1840
What is the remainder when 1406473 is divided by 25?
23
Calculate the remainder when 19581056 is divided by 266.
264
What is the remainder when 20497018 is divided by 110199?
4
What is the remainder when 75490 is divided by 2378?
1772
What is the remainder when 6317787 is divided by 8184?
7923
What is the remainder when 853098 is divided by 76?
74
What is the remainder when 26907036 is divided by 3340?
3336
Calculate the remainder when 2237375 is divided by 144.
47
Calculate the remainder when 5311203 is divided by 110650.
3
What is the remainder when 302452 is divided by 673?
275
What is the remainder when 499004 is divided by 375?
254
What is the remainder when 875071 is divided by 170?
81
What is the remainder when 5260171 is divided by 584448?
139
What is the remainder when 319348 is divided by 101?
87
Calculate the remainder when 492992 is divided by 2103.
890
Calculate the remainder when 5257633 is divided by 961.
2
What is the remainder when 445911 is divided by 445744?
167
Calculate the remainder when 515643 is divided by 182.
37
What is the remainder when 3440227 is divided by 82?
81
Calculate the remainder when 423117 is divided by 210663.
1791
Calculate the remainder when 2050424 is divided by 723.
719
What is the remainder when 17836448 is divided by 29?
27
What is the remainder when 9029613 is divided by 43?
0
What is the remainder when 50468109 is divided by 16822702?
3
What is the remainder when 5889997 is divided by 57?
16
Calculate the remainder when 599494 is divided by 1878.
412
What is the remainder when 4482390 is divided by 144593?
7
What is the remainder when 2434047 is divided by 10?
7
What is the remainder when 14952666 is divided by 180152?
50
Calculate the remainder when 3552561 is divided by 26.
25
Calculate the remainder when 5197198 is divided by 102.
94
What is the remainder when 25147577 is divided by 8624?
8617
Calculate the remainder when 894593 is divided by 4011.
140
Calculate the remainder when 4678352 is divided by 21.
14
Calculate the remainder when 24666145 is divided by 85.
80
Calculate the remainder when 909332 is divided by 205.
157
What is the remainder when 1391849 is divided by 338?
303
What is the remainder when 12883125 is divided by 3658?
3307
What is the remainder when 106593 is divided by 141?
138
What is the remainder when 591912892 is divided by 295956439?
14
Calculate the remainder when 626624 is divided by 208846.
86
Calculate the remainder when 96098771 is divided by 196.
167
What is the remainder when 59063125 is divided by 1239?
1234
What is the remainder when 30690141 is divided by 713724?
9
What is the remainder when 2587397 is divided by 33?
32
Calculate the remainder when 3409304 is divided by 1704618.
68
Calculate the remainder when 2900624159 is divided by 30.
29
Calculate the remainder when 2900276 is divided by 745.
736
What is the remainder when 138108323 is divided by 90?
83
Calculate the remainder when 308757 is divided by 7527.
150
What is the remainder when 71647 is divided by 71318?
329
What is the remainder when 264594 is divided by 264324?
270
What is the remainder when 12229912 is divided by 3777?
3763
Calculate the remainder when 1209154926 is divided by 19.
18
Calculate the remainder when 185475 is divided by 263.
60
What is the remainder when 28727924 is divided by 41?
3
Calculate the remainder when 5509454 is divided by 786.
380
Calculate the remainder when 267879 is divided by 133932.
15
What is the remainder when 291202 is divided by 145189?
824
Calculate the remainder when 3578272 is divided by 511091.
635
What is the remainder when 265612 is divided by 12053?
446
What is the remainder when 2419586 is divided by 590?
586
What is the remainder when 513167108 is divided by 7724?
7720
What is the remainder when 22600619 is divided by 567?
566
Calculate the remainder when 140663 is divided by 2482.
1671
What is the remainder when 7550513 is divided by 2286?
2141
Calculate the remainder when 6357720 is divided by 3016.
3008
Calculate the remainder when 2118217 is divided by 3584.
73
Calculate the remainder when 9050365 is divided by 57.
19
What is the remainder when 3168521 is divided by 256?
9
Calculate the remainder when 3210198 is divided by 103.
100
What is the remainder when 185824473 is divided by 25?
23
Calculate the remainder when 38465100 is divided by 764.
756
Calculate the remainder when 11656217 is divided by 4937.
4897
Calculate the remainder when 30392186 is divided by 56.
34
Calculate the remainder when 302832 is divided by 14420.
12
Calculate the remainder when 581979390 is divided by 34.
30
What is the remainder when 5119235 is divided by 10097?
56
What is the remainder when 29734623 is divided by 14867307?
9
What is the remainder when 5068739 is divided by 2534328?
83
What is the remainder when 4630908 is divided by 23507?
29
What is the remainder when 10086 is divided by 1619?
372
What is the remainder when 103022390 is divided by 1147?
1144
Calculate the remainder when 2725602 is divided by 389370.
12
Calculate the remainder when 15559384 is divided by 4235.
4229
Calculate the remainder when 4785801 is divided by 23345.
76
Calculate the remainder when 45631 is divided by 3692.
1327
Calculate the remainder when 909452569 is divided by 3485.
3484
What is the remainder when 3260454 is divided by 3327?
3321
What is the remainder when 2568487 is divided by 10396?
675
Calculate the remainder when 27555 is divided by 3952.
3843
What is the remainder when 18687637 is divided by 10?
7
Calculate the remainder when 1712965 is divided by 16160.
5
What is the remainder when 162872987 is divided by 14?
11
Calculate the remainder when 47274 is divided by 2375.
2149
What is the remainder when 32478664 is divided by 16239332?
0
What is the remainder when 679014 is divided by 1782?
72
Calculate the remainder when 465608 is divided by 77598.
20
What is the remainder when 1803713 is divided by 601233?
14
What is the remainder when 795333 is divided by 598?
591
What is the remainder when 9295295 is divided by 3098389?
128
What is the remainder when 18196961 is divided by 12?
5
What is the remainder when 5369931 is divided by 677?
644
What is the remainder when 55131 is divided by 4999?
142
What is the remainder when 43602 is divided by 10459?
1766
Calculate the remainder when 2890646 is divided by 222357.
5
What is the remainder when 2989503 is divided by 31803?
21
What is the remainder when 2443852 is divided by 479?
473
Calculate the remainder when 800034 is divided by 61331.
2731
What is the remainder when 1567856 is divided by 391951?
52
Calculate the remainder when 199945 is divided by 49977.
37
Calculate the remainder when 